culate k(j).
4
Let z(y) = 11 - y - 13 + y - y**2. What is z(2)?
-6
Let j(s) = -s**3 - s**3 - 3 + 3*s**3 - 6*s + 4*s + 2*s**2. Let o = 0 - 2. Give j(o).
1
Let n = 14 - 14. Let f(a) = -a - 14. Calculate f(n).
-14
Let n be 14/3 + (-2)/3. Suppose n*q - q - 6 = 0. Let w(f) = 2*f**2 - 5 - f**q - 4 + 6*f + 3. Give w(-5).
-11
Let n(l) = 8 + l - 2 - 2*l - 3. Calculate n(8).
-5
Let h be 2/7 - 37/7. Let a(c) = -c**2 + c. Let x(b) = -2*b**2 + 8*b + 7. Let g(q) = 3*a(q) - x(q). Give g(h).
-7
Let b be ((-3)/(-12))/(4/72). Let d(g) be the first derivative of -2 + 0*g + b*g**2. What is d(1)?
9
Let n(z) be the third derivative of -z**5/60 - z**4/24 - z**3/6 + z**2. Let l be (-27)/(-5) + (-2)/5. Let t be -2 + 0 - (-5)/l. Calculate n(t).
-1
Let r(i) = -i**2 + 10*i - 2. Suppose -23 = -2*x - k, k = -0*x - x + 13. Give r(x).
-2
Suppose -3*f - 4 = -3*v - v, -f = -3*v + 8. Let b(u) = 2*u - 3. What is b(f)?
5
Let m(j) = 8*j - 1. Suppose 0 = 4*h - 20, 0*h - 30 = 5*b - h. Let u(w) = -9*w + 2. Let p(v) = b*u(v) - 6*m(v). Determine p(-3).
5
Let w(f) be the third derivative of f**5/60 + f**4/6 + f**2. Suppose -3*z + 9 = -q, -4*z - 1 = 3*q - 0*z. Calculate w(q).
-3
Let k(d) be the first derivative of d**4 + d**2 - d + 22. Let q be 2/5 - (-6)/10. Give k(q).
5
Let l(y) = 3*y**2 + 2*y - 5. Let t(p) = 6*p**2 + 5*p - 11. Let o(f) = 9*l(f) - 4*t(f). Let z = -4 + 6. Calculate o(z).
7
Suppose 0 = 3*z - 15. Suppose -z*t + 6 = -2*t. Let w = t + -1. Let y(a) = -8*a - 1. What is y(w)?
-9
Let q(y) = -6*y + 6*y - y - 6. Determine q(-5).
-1
Let m(h) = h. Suppose 6 = 4*p + 34. Let l = -4 - p. Suppose -l*i = -8*i. Calculate m(i).
0
Let v(y) = y + 6. Let q(a) = a - 3. Let z be q(-4). Calculate v(z).
-1
Let v(r) = -r**3 + 3*r**2 - 2*r + 2. Let s be v(2). Let a(p) = -26*p**2 - 4 + 5 + p + 27*p**s. Give a(-3).
7
Let x(l) = 4*l**2 - 4*l**2 - 3*l - 2*l**2 - l**2. Let a(o) = -o**2 + o + 1. Let c(v) = -2*a(v) + x(v). Calculate c(-3).
4
Let y(k) = -2*k**2 + 4*k - 3. Let p be (-1)/(-4) - (-7)/4. Let l = 0 + p. Determine y(l).
-3
Let n(r) = -2*r - 6. Let c(u) = 5*u + 12. Let g(m) = -3*c(m) - 7*n(m). What is g(11)?
-5
Let q(j) = j**3 - 4*j**2 + 2*j + 2. Let z be q(3). Let o(y) = 7*y**3 + y**2 + y + 1. Give o(z).
-6
Let s = -15 + 17. Let p(f) = 2*f**2 - f - 1. Determine p(s).
5
Let o(w) = w - 1. Let a(g) = -g**3 - 2*g**2 + 6*g + 1. Let x be (-3 + 2)/(1*-1). Suppose 3*k - 4 + 10 = 0. Let l(r) = k*o(r) + x*a(r). Give l(-2).
-5
Let h(l) = 3*l - 7. Let t(u) = 4*u - 8. Let w(k) = 5*h(k) - 4*t(k). Calculate w(-5).
2
Suppose 3*p + 6 = 0, 35 = 4*o + 5*p + 13. Let u(a) = -a**2 + 7*a + 3. What is u(o)?
-5
Let g = -3 + 7. Let y(f) = -f**3 + 5*f**2 - 4*f + 4. Give y(g).
4
Let r(w) = w. Let x be (-35)/(-1)*4/10. Let n = x - 15. What is r(n)?
-1
Let d = -16 + 26. Suppose 0 = -i - i + d. Let u(p) = -p**2 + 3*p + 4. What is u(i)?
-6
Let u(x) = -2*x - 8. Let h = 64 + -38. Suppose 4*n = -h - 2. Calculate u(n).
6
Let l(k) = 9*k**2 - 2*k + 3. Let s(t) = -9*t**2 + t - 2. Let w = 4 - 6. Let j(u) = w*l(u) - 3*s(u). Calculate j(-1).
8
Let x = 2 + 1. Let g be x/1 + -1 + 1. Let v(s) = -3*s + 3. Give v(g).
-6
Let l(y) = 6*y**3 + y**2. Let i(p) = p**2 - 5*p + 3. Let x be i(4). Let z be l(x). Let k(r) = -r**2 - 6*r - 6. Determine k(z).
-1
Suppose 0*g = 4*g - 12. Let p(j) be the third derivative of j**4/6 - j**3/2 + 12*j**2. Calculate p(g).
9
Let f be (-1)/1*(-10)/(-2). Let m = f + 6. Let d(l) = -3*l**3 - 2*l + 1. What is d(m)?
-4
Let a(w) = -2*w - 2. Let g(k) = -k**2 - 6*k - 2. Let z be g(-4). Suppose -7*m - z = -6*m. What is a(m)?
10
Let x(z) = -z + 2 + 0 + 2. Let g(y) = 2*y**2 + 3*y + 3. Let c = 10 - 12. Let u be g(c). What is x(u)?
-1
Let s(a) = a**3 + 3*a**2 - 5*a. Let b be -96*((-3)/(-2) + -1). Let j be (b/30)/(4/10). Determine s(j).
4
Let o = -7 + 1. Let x be -1*(-6)/(-2) - o. Let g(v) = -2*v + 1. Calculate g(x).
-5
Let i(r) = -5*r**2 - 2*r + 4*r**2 + 4 - 6*r. What is i(-7)?
11
Suppose -6*t = -2*t - 140. Let w be 10/t + 38/14. Let x(f) = -1 + 4*f**2 - 3*f**2 + 7*f**2 + 5*f + f**w - 3*f**2. Calculate x(-4).
-5
Let n(w) = -w**3 - 12*w**2 - 11*w + 4. Let d be ((-11)/(-4))/((-115)/(-20) - 6). Determine n(d).
4
Let i(r) = -5*r**3 + 6*r**2 + r + 7. Let g(q) be the first derivative of q**4/4 + 4. Let b(d) = 6*g(d) + i(d). Give b(-6).
1
Let v(b) = 1 + 10 - b**2 - 12 - 5*b. Give v(-4).
3
Let c(x) = x - 6. Suppose 53 - 39 = -2*q. What is c(q)?
-13
Suppose 2*u - 4*y - 58 = 0, 3*u + y + 0*y - 73 = 0. Suppose -4*l + 5 = u. Let d(i) = -1 + 8 - i - 7. Calculate d(l).
5
Suppose 5*u = 4*o + 37, -4*u + 8*u = -5*o + 5. Suppose 0 = u*n - 5*g + 25, -n = -5*g + 8 + 9. Let q(c) = -1 + 0 + 2*c - 4*c. Determine q(n).
3
Let i(q) = q**2 + 2*q + 2. Let g = 5 + -7. Let b be i(g). Let o(t) = t. Let r be o(b). Let h(l) = -l**3 - l**2 + 4*l - 3. What is h(r)?
-7
Let i(x) = x**3 + 7*x**2 + 4*x. Let h(j) = -j**3 - 8*j**2 - 5*j - 1. Let c(d) = 3*h(d) + 4*i(d). Suppose 20 = -y - 4*y. What is c(y)?
-7
Suppose 7 = 4*w + 2*l - 31, -4*w = 4*l - 32. Let o(c) = -2*c**3 + w - 4 - 6 + 4*c**2 + 6*c + c**3. Calculate o(5).
6
Let k(q) = -q + 3. Suppose -2*n + 5*n + 21 = 0. What is k(n)?
10
Let z be 130/18 - (-18)/(-81). Let v(c) = c**2 - 5*c + 8. What is v(z)?
22
Let c(b) = b + 7 + 2 - 1 - 3. Let y(g) = g**3 - 3*g**2 - 2*g + 2. Let v be y(2). Determine c(v).
-1
Let i(r) = -r**2 - 7*r + 7. Let c = -61 + 55. Give i(c).
13
Let v(j) be the third derivative of -j**5/60 + 5*j**4/24 + j**3 + 23*j**2. Suppose 2*g + 24 = 6*g. Calculate v(g).
0
Let f(x) = -x**3 - x**2. Let t(z) = -2*z**3 - 10*z**2 - 9*z + 5. Let r(w) = 3*f(w) - t(w). Give r(8).
3
Let t = -5 - 0. Let z(h) = -h**2 - h - 1. Let q(a) = -a**2 - 2*a - 1. Suppose -7*n + 3*n - 16 = b, 2*n - 4*b = 10. Let f(k) = n*q(k) + 2*z(k). Calculate f(t).
6
Let k(l) = l**2 + 4*l - 4. Let q(s) = -s**2 + 5*s - 4. Let m be q(4). Suppose m = -13*v + 10*v - 12. What is k(v)?
-4
Let r be (-1 - 0)/(1/6). Let b be 20/r*12/10. Let z(n) = -n**2 - 4*n + 1. Give z(b).
1
Let d = 2 - 1. Suppose 2*x = -x. Let r(s) = 0*s - 18 + x*s + 17 + s. Give r(d).
0
Let k(c) be the third derivative of -c**4/24 + c**3/2 + c**2. Suppose -s + 9 + 1 = -3*j, 2*s - 2*j - 16 = 0. Determine k(s).
-4
Let q be (2/4)/(3/(-30)). Let f(u) be the third derivative of u**4/8 + u**3/6 + 6*u**2 + 2*u. Calculate f(q).
-14
Suppose 0 = 3*k + 2*k. Suppose k*h = -7*h + 49. Let v(d) = -2*d + 9. Give v(h).
-5
Let o be (3/9)/(1/24). Let d(v) = v - 7. Let l be d(o). Let g(f) = 8*f**2 + 2*f - 1. Determine g(l).
9
Let q(o) be the third derivative of o**8/4032 + o**7/5040 - o**5/60 - o**2. Let p(r) be the third derivative of q(r). Suppose j + 5 = 6*j. Calculate p(j).
6
Let o(v) be the first derivative of v**4/4 + 2*v**3/3 - 3*v**2/2 + v + 1. Give o(-3).
1
Suppose 3*c + 12 = -0. Let b(q) = -3*q - 6. What is b(c)?
6
Let x(u) = -u**2 + 5*u - 3. Let b = 7 + 25. Suppose 4*t - 4*h - b = 32, 4*t - 78 = -3*h. Suppose -4*y + t = l, 4*y + 5*l = -0*y + 26. Determine x(y).
1
Let w(m) = m**2 + 6*m - 1. Let o(s) = 1. Let q(j) = 2*o(j) + w(j). Calculate q(-5).
-4
Let f(g) be the first derivative of g**4/12 - g**3 - 3*g**2/2 - 3*g + 1. Let x(i) be the first derivative of f(i). Let u be (-2 + 4)/(4/10). Give x(u).
-8
Let z(y) be the first derivative of 2*y**2 - 3*y + 16. Give z(2).
5
Let k(j) be the first derivative of -j**3/3 + 2*j**2 + j - 2. Let d(p) = p + 4. Let a be d(1). Give k(a).
-4
Suppose -p = -4*l + 3*p, l + 3*p - 8 = 0. Suppose 0 = -l*q - y, -5 = -3*q + 4*y + 6. Let w(s) = s + 2*s**2 + s**2 - s**2. What is w(q)?
3
Let m = -10 + 8. Let u(r) = 2*r + r**2 + 0*r - 2*r**2. Calculate u(m).
-8
Let h(a) = -a**2 - 3*a + 5. Let j be 0 - 3 - (-1 - -2). Let s be ((-4)/5)/(j/50). Let b be (16/20)/((-2)/s). Determine h(b).
1
Let v(l) = l**3 - 5*l**2 + 6*l - 4. Suppose 4*i = -4, -2*i = -5*f - 3*i + 19. Give v(f).
4
Let h(g) be the third derivative of -g**4/6 + g**3/6 - 8*g**2. Suppose -4*z = 2*m - 0*m - 22, -2*m + 5*z - 23 = 0. Suppose 0 = -5*n - 4 - m. Determine h(n).
5
Let g(f) be the first derivative of -f**4 + f**3/3 - 1. Suppose 4 + 0 = -4*q. Determine g(q).
5
Let j(c) = -c**3 + 4*c**2 + 5*c + 3. Let d(v) = 4*v**2 - v. Let f be 2/(3/(6/(-4))). Let y be d(f). Calculate j(y).
3
Let g(c) = c**3 + c - 1. Let w be g(0). Let i be (-1 - w*2) + -4. Let l be 16/i + 1/3. Let o(t) = -t**3 - 5*t**2 - 2. What is o